{"id":5121,"date":"2024-08-19T15:21:00","date_gmt":"2024-08-19T13:21:00","guid":{"rendered":"https:\/\/laressourcenaturellebyclaire.com\/?page_id=5121"},"modified":"2024-08-19T15:59:02","modified_gmt":"2024-08-19T13:59:02","slug":"mentions-legales","status":"publish","type":"page","link":"https:\/\/laressourcenaturellebyclaire.com\/index.php\/mentions-legales\/","title":{"rendered":"Mentions l\u00e9gales"},"content":{"rendered":"\t\t<div data-elementor-type=\"wp-page\" data-elementor-id=\"5121\" class=\"elementor elementor-5121\">\n\t\t\t\t\t\t<section class=\"elementor-section elementor-top-section elementor-element elementor-element-4811adc0 elementor-section-boxed elementor-section-height-default elementor-section-height-default\" data-id=\"4811adc0\" data-element_type=\"section\" data-e-type=\"section\">\n\t\t\t\t\t\t<div class=\"elementor-container elementor-column-gap-default\">\n\t\t\t\t\t<div class=\"elementor-column elementor-col-100 elementor-top-column elementor-element elementor-element-4d2654fc\" data-id=\"4d2654fc\" data-element_type=\"column\" data-e-type=\"column\">\n\t\t\t<div class=\"elementor-widget-wrap elementor-element-populated\">\n\t\t\t\t\t\t<div class=\"elementor-element elementor-element-67f3023c elementor-widget elementor-widget-text-editor\" data-id=\"67f3023c\" data-element_type=\"widget\" data-e-type=\"widget\" data-widget_type=\"text-editor.default\">\n\t\t\t\t<div class=\"elementor-widget-container\">\n\t\t\t\t\t\t\t\t\t\n<p style=\"text-align: left;\"><strong>\u00c9diteur du site <\/strong>: www.laressourcenaturellebyclaire.com<\/p>\n\n<p>Claire Maulav\u00e9<\/p>\n\n<p>Adresse : 861 Chemin de Trass Barry, 83580 Gassin<\/p>\n\n<p>Adresse e-mail :\u00a0<a href=\"mailto:clairemaulave@gmail.com\" target=\"_blank\" rel=\"noreferrer noopener\">clairemaulave@gmail.com<\/a>\u00a0ou\u00a0<a href=\"mailto:hello@laressourcenaturellebyclaire.com\" target=\"_blank\" rel=\"noreferrer noopener\">hello@laressourcenaturellebyclaire.com<\/a>\u00a0<\/p>\n\n<p>Forme juridique : Entrepreneur Individuel<\/p>\n\n<p>Activit\u00e9 (code NAF ou APE): Autres services personnels n.c.a. (9609Z)<\/p>\n\n<p>Num\u00e9ro SIREN : 908 761 224<\/p>\n\n<p>Num\u00e9ro SIRET : 908 761 224 00017<\/p>\n\n<p><strong>H\u00e9bergement<\/strong><\/p>\n\n<p>OVH SAS<\/p>\n\n<p>2 rue Kellermann<br \/>59100 Roubaix<br \/>FRANCE<br \/><a href=\"https:\/\/www.ovh.com\/fr\/hebergement-web\/\" target=\"_blank\" rel=\"noreferrer noopener\">https:\/\/www.ovh.com\/fr\/hebergement-web\/<\/a><\/p>\n\n<p><strong>Responsable de la publication <\/strong><\/p>\n\n<p>Claire Maulav\u00e9<\/p>\n\n<p>Adresse e-mail :\u00a0<a href=\"mailto:clairemaulave@gmail.com\" target=\"_blank\" rel=\"noreferrer noopener\">clairemaulave@gmail.com<\/a>\u00a0ou\u00a0<a href=\"mailto:hello@laressourcenaturellebyclaire.com\" target=\"_blank\" rel=\"noreferrer noopener\">hello@laressourcenaturellebyclaire.com<\/a>\u00a0<\/p>\n\n<p><strong>Propri\u00e9t\u00e9 intellectuelle <\/strong><\/p>\n\n<p>Le site\u00a0<a href=\"http:\/\/www.laressourcenaturellebyclaire.com\/\" target=\"_blank\" rel=\"noreferrer noopener\">www.laressourcenaturellebyclaire.com<\/a>\u00a0et chacun des \u00e9l\u00e9ments qui le composent, notamment les textes, images, logos, sont la propri\u00e9t\u00e9 exclusive de Claire Maulav\u00e9 et sont prot\u00e9g\u00e9s par le droit de la propri\u00e9t\u00e9 intellectuelle. Toute reproduction, repr\u00e9sentation, modification, publication, adaptation de tout ou partie des \u00e9l\u00e9ments du site, quel que soit le moyen ou le proc\u00e9d\u00e9 utilis\u00e9, est interdite, sauf autorisation \u00e9crite pr\u00e9alable de Claire Maulav\u00e9.<\/p>\n\n<p><strong>Protection des donn\u00e9es personnelles <\/strong><\/p>\n\n<p>Les donn\u00e9es personnelles collect\u00e9es sur ce site sont destin\u00e9es \u00e0 r\u00e9pondre \u00e0 vos demandes, traiter vos commandes, etc. Conform\u00e9ment \u00e0 la loi \u00ab\u00a0Informatique et Libert\u00e9s\u00a0\u00bb et au R\u00e8glement G\u00e9n\u00e9ral sur la Protection des Donn\u00e9es (RGPD), vous disposez d\u2019un droit d\u2019acc\u00e8s, de rectification, de suppression et d\u2019opposition aux donn\u00e9es vous concernant. Vous pouvez exercer ce droit en envoyant un e-mail \u00e0\u00a0<a href=\"mailto:clairemaulave@gmail.com\" target=\"_blank\" rel=\"noreferrer noopener\">clairemaulave@gmail.com<\/a>\u00a0ou\u00a0<a href=\"mailto:hello@laressourcenaturellebyclaire.com\" target=\"_blank\" rel=\"noreferrer noopener\">hello@laressourcenaturellebyclaire.com<\/a>.<\/p>\n\n<p><strong>Cookies <\/strong><\/p>\n\n<p>Le site\u00a0<a href=\"http:\/\/www.laressourcenaturellebyclaire.com\/\" target=\"_blank\" rel=\"noreferrer noopener\">www.laressourcenaturellebyclaire.com<\/a>\u00a0utilise des cookies pour am\u00e9liorer l&rsquo;exp\u00e9rience utilisateur, analyser le trafic, etc. Vous pouvez configurer votre navigateur pour refuser les cookies.\u00a0<\/p>\n\t\t\t\t\t\t\t\t<\/div>\n\t\t\t\t<\/div>\n\t\t\t\t\t<\/div>\n\t\t<\/div>\n\t\t\t\t\t<\/div>\n\t\t<\/section>\n\t\t\t\t<\/div>\n\t\t","protected":false},"excerpt":{"rendered":"<p>\u00c9diteur du site : www.laressourcenaturellebyclaire.com Claire Maulav\u00e9 Adresse : 861 Chemin de Trass Barry, 83580 Gassin Adresse e-mail :\u00a0clairemaulave@gmail.com\u00a0ou\u00a0hello@laressourcenaturellebyclaire.com\u00a0 Forme juridique : Entrepreneur Individuel Activit\u00e9 (code NAF ou APE): Autres services personnels n.c.a. (9609Z) Num\u00e9ro SIREN : 908 761 224 Num\u00e9ro SIRET : 908 761 224 00017 H\u00e9bergement OVH SAS 2 rue Kellermann59100 RoubaixFRANCEhttps:\/\/www.ovh.com\/fr\/hebergement-web\/ Responsable [&hellip;]<\/p>\n","protected":false},"author":1,"featured_media":0,"parent":0,"menu_order":0,"comment_status":"closed","ping_status":"closed","template":"","meta":{"_seopress_robots_primary_cat":"","_seopress_titles_title":"Mention l\u00e9gales","_seopress_titles_desc":"D\u00e9tail des mentions l\u00e9gales","_seopress_robots_index":"","footnotes":""},"class_list":["post-5121","page","type-page","status-publish","hentry"],"_links":{"self":[{"href":"https:\/\/laressourcenaturellebyclaire.com\/index.php\/wp-json\/wp\/v2\/pages\/5121","targetHints":{"allow":["GET"]}}],"collection":[{"href":"https:\/\/laressourcenaturellebyclaire.com\/index.php\/wp-json\/wp\/v2\/pages"}],"about":[{"href":"https:\/\/laressourcenaturellebyclaire.com\/index.php\/wp-json\/wp\/v2\/types\/page"}],"author":[{"embeddable":true,"href":"https:\/\/laressourcenaturellebyclaire.com\/index.php\/wp-json\/wp\/v2\/users\/1"}],"replies":[{"embeddable":true,"href":"https:\/\/laressourcenaturellebyclaire.com\/index.php\/wp-json\/wp\/v2\/comments?post=5121"}],"version-history":[{"count":0,"href":"https:\/\/laressourcenaturellebyclaire.com\/index.php\/wp-json\/wp\/v2\/pages\/5121\/revisions"}],"wp:attachment":[{"href":"https:\/\/laressourcenaturellebyclaire.com\/index.php\/wp-json\/wp\/v2\/media?parent=5121"}],"curies":[{"name":"wp","href":"https:\/\/api.w.org\/{rel}","templated":true}]}}